- -63)?
18
Evaluate 15 + (-22 - -10) + 2.
5
What is 7 - (-6 - (11 + -32))?
-8
What is 0 + -15 + 13 + 14?
12
16 - ((13 - 7) + 12)
-2
-7 - 0 - (85 - 105)
13
What is the value of (-11 - -2) + 1 + (10 - 10 - 1)?
-9
Calculate (-10 - (-21 + -3)) + -33.
-19
What is the value of -71 + -20 + 88 + (-1 - 9)?
-13
What is ((4 - 12) + 12 - 19 - -9) + 30?
24
Calculate -71 - -66 - (1 - -1).
-7
What is the value of (-48 - -58) + 2 + -37 + 1?
-24
Calculate (-33 - -12) + -41 - -40.
-22
-60 + 55 + (0 - 6)
-11
(203 - 197) + (-8 - 3)
-5
Calculate 8 + (14 - 31) + (31 - (-4 + 1)).
25
17 + -24 + (19 - 9)
3
What is -12 + (-17 - (-7 + -15) - (2 + 9))?
-18
Calculate 16 - ((5 - 4) + 11 - 8).
12
What is the value of -10 + -36 + 33 + (6 - -2) + 18?
13
Calculate -4 + -4 - (-27 + 0).
19
What is -7 + -2 + -19 + -4 + 14?
-18
What is the value of (-24 + 3 - -5) + (4 - -7)?
-5
What is the value of 133 - 138 - (-9 - -7 - (-1 - -4))?
0
Evaluate -7 - (2 - (-6 + 10)).
-5
What is -6 + -12 + -5 + -5 + 10?
-18
Evaluate (3 - -20) + (-156 - -112).
-21
Evaluate -5 + 5 + 0 + -7 - (11 - 6).
-12
What is (-1 + 8 - 12) + 16?
11
What is the value of -868 + 860 + (4 - -1)?
-3
Evaluate -9 + 8 - -10 - (43 + -45).
11
What is -7 + 1 + 19 + (-7 - -11)?
17
Evaluate 8 - (13 + -9) - ((2 - -6) + -2).
-2
What is the value of 8 + (-40 + 40 - (5 + (-1 - -2)))?
2
Evaluate 8 - (17 - (24 + -15)).
0
Evaluate -86 + 6 + 48 + 1 + 1.
-30
99 + -117 - (2 + -34)
14
Evaluate -44 + (37 - (18 + -3)).
-22
Evaluate -1 + 14 + (73 - 73) + (0 - 1).
12
Evaluate 23 + (-13 + -14 - -22).
18
Calculate -7 - (-9 + -2 + (-25 - -50) + -31).
10
Calculate ((-7 - 0) + 16 + -7 - 5) + -5.
-8
Calculate -7 + -1 + (-4 - -1) + (-60 - -55).
-16
Evaluate -9 - (-13 + ((7 - 9) + 3 - 10)).
13
What is 3 + -1 + 11 - (250 + -250)?
13
Evaluate 16 - 17 - (-7 - -1 - (-16 - -13)).
2
Evaluate 9 + (9 + -8 - 13) + 7 + 2.
6
What is the value of -2 + 10 - (26 - 5) - 5?
-18
What is -48 + 38 - (1 - 31)?
20
What is -11 - (-5 + -4 + 6) - (49 + -49)?
-8
What is 13 - (6 + -8 - 6)?
21
(-23 + 10 - -18) + -13
-8
What is 27 - ((-26 - -17) + 26)?
10
Evaluate -15 + (11 - 36) + 54.
14
26 + (30 - 8) - 29
19
What is 214 + -226 + 13 + -1?
0
(609 - 586) + -9 + (0 - -2)
16
Calculate -10 - ((2 - 0) + -12) - (-9 + 1).
8
What is -13 + (-18 + 4 - 14)?
-41
What is the value of 28 - 30 - (0 + -2 - 1)?
1
What is -10 + 0 + 3 + 7 + -12 + 2?
-10
Calculate -7 + 0 + -1 - (203 - 201).
-10
Calculate 2 + (-6 - -9) + -3 + 4 + -2.
4
Evaluate 3 + 4 + 2 + 0 - 4 - -7.
12
(-16 - (-19 + 5)) + 7 - 25
-20
What is 7 + (4 - 3) + (-10 + 3 - -4)?
5
Evaluate -7 + (-1 - 8) - (4 + 13).
-33
What is the value of 11 - (-2 - -16) - (-2 + 15 + -5)?
-11
Evaluate -10 + (39 - 17) - (-3 - -2).
13
Evaluate 7 - (4 + (-4 - (-14 + 2))) - 2.
-7
Evaluate -32 - -39 - ((-3 - 1) + 2).
9
What is -40 + (-17 - 0) + 38?
-19
What is 47 - 50 - (-13 + 4)?
6
Evaluate -5 + 9 - (11 - (8 - 12 - -12)).
1
What is -9 - 1 - (-4 + 2) - (-18 + 17)?
-7
What is the value of (-1 - -2) + 0 - (-84 - -81)?
4
Evaluate 9 - (39 - 16 - 1).
-13
Calculate (-2 - (2 - 4)) + (1 - -8 - -3).
12
What is the value of -1 - 7 - ((13 - 8) + -12 - 4)?
3
What is (5 - (11 + -7)) + -4?
-3
Calculate (0 - 14) + 85 + -72.
-1
What is the value of (17 + -11 - (28 - -2)) + (-9 - -19)?
-14
What is -4 + (-5 - (-29 + 18 + -4))?
6
Evaluate 9 - (-11 - (-21 + -12)).
-13
Evaluate -15 + 10 - (5 + -2).
-8
What is the value of -1 + (-1 + 6 + -5 - -2) + -4?
-3
What is -7 - (-10 - -1) - -5 - 10 - 7?
-10
What is the value of ((-13 - -17) + 0 - (-2 - 1)) + 7?
14
What is -56 + 61 + -3 + 5?
7
-2 + (3 - 6) + (-9 - -1)
-13
Evaluate -4 + (-14 - -42) - 15.
9
What is the value of (1 - (-23 - -11) - 21) + 21?
13
What is (-3 - -3) + (13 - 18)?
-5
What is the value of (-1 - 8) + 2 + (10 - 14)?
-11
Evaluate 11 + -1 + (9 - (-5 - (-18 - -6))).
12
What is -14 + -3 + -2 + (-5 + -5 - -10)?
-19
Evaluate (0 - 1 - 2) + (-14 - (4 - 14)).
-7
What is 3 + (-15 + -24 - -9) + 16?
-11
What is the value of (-5 - (-6 - -2)) + (-2 - (-5 - -3))?
-1
What is the value of -4 + (13 - (-1 - -10 - 11))?
11
10 + -1 - (-2 + 6) - (0 + 6)
-1
Evaluate 10 + 6 + -20 + -1 + -2.
-7
What is the value of -27 + (4 - -45) + -11 + 2 + 0?
13
(-13 + 13 + 6 - -1) + 10
17
What is (-12 + 16 - 6) + 8?
6
Evaluate 20 - (-20 - (-6 + -40)).
-6
What is the value of -3 + (3 - 5) + 6 + -10 + 0?
-9
What is the value of (-44 - -27) + (-6 - 1)?
-24
Evaluate 2 - ((11 - 0) + (12 - 32)).
11
What is (0 - 1) + 6 + -21 - -8?
-8
What is the value of -14 + 21 + -20 + -2 + 0 + -2?
-17
Evaluate 2 + 21 - (-31 - -20) - (6 + 0).
28
Calculate 3 + (2 + -3 - -12 - (-1 + 8)).
7
Evaluate 11 + 10 + (-5 - 10) + -6 + 6.
6
What is (7 - 16) + 1 - -13?
5
What is (5 - (56 + -13)) + 21?
-17
Evaluate (8 - (-12 + 10) - 27) + -11.
-28
Evaluate ((-1 - -2) + 1 - 1) + 1504 + -1499.
6
What is 2 - (-25 + 45) - -22?
4
Evaluate 15 + (-60 - (-40 - -9)).
-14
Evaluate (5 - -3) + (-11 - -1) - -7.
5
Calculate (-4 - 3) + 15 - 8 - 33.
-33
What is the value of 4 + (-13 - -7) + 15?
13
Evaluate -7 + 2 + 23 - 5.
13
What is the value of (-48 - -37 - -1) + (20 - 2)?
8
Evaluate 1 - (-15 + 2) - 18.
-4
7 + (-4 + (1 - -5) - 5)
4
Calculate -4 - -13 - (2 - 5) - 0.
12
Calculate 7 + (-28 - (-39 + 23)).
-5
What is 26 + 5 + -15 + -8?
8
Evaluate (623 - 613) + (22 + -2 - (-1 + 0)).
31
Evaluate (5 - -5 - 10) + (-30 - (-4 - -2)).
-28
(-21 - (-15 + 10 + -6)) + 40 - 3
27
(66 - (-23 - -89)) + -2 + 0 + -11
-13
28 - 14 - 6 - (31 - 1) - -8
-14
What is -1 + 3 + -4 - 11 - (-16 + 16)?
-13
6 - (36 - (5 - -6)) - -13
-6
What is 4 + 0 + (-37 - (-19 - 37))?
23
Calculate 1 - (-1 + 2) - ((-1 - 20) + 17).
4
Calculate -8 + 4 + -3 - (-20 + -1).
14
0 + 6 - ((14 - (-1 + 7)) + -9)
7
-27 + 16 + -1 + 7 + -3
-8
What is -17 + (-10 - -8) + -3 - -2?
-20
Evaluate -46 - -60 - (-3 + 0 - (-5 - 0)).
12
(-39 - -4) + (111 - 87)
-11
Calculate -11 + -1 + 3 + 1 + 1 + -5.
-12
Evaluate 1 + -14 - (-26 + 1 - 5).
17
Evaluate -7 - 3 - (17 - 28).
1
Calculate (-1 - 20) + (135 - 118).
-4
-1 + 1 + -13 + 19 + 2
8
What is -3 + 1 + 9 + -11 + 12?
8
What is the value of (-604 - -622) + 4 + 1?
23
(1 - 4) + (-360 - -381)
18
Evaluate 14 - (23 + (-11 - (4 + -9))).
-3
Calculate -3 - 7 - (5 + (-1 - 1) + -3).
-10
(-23 - -24 - 10) + 0 + -3
-12
What is 1 + 7 + (-4 - 7) + 1?
-2
What is the value of 11 + -3 + 3 + -8 + 2 - 5?
0
What is the value of 5 - (-4 + 1) - ((8 - 4) + -4)?
8
8 - (-10 + (-18 - -9) + 11)
16
What is 11 + 4 + 7 + -17 + -2?
3
What is the value of -13 + 11 - (0 + -2 + 2 - 9)?
7
What is -33 - -31 - (-2 - -15)?
-15
What is the value of 0 + -2 + 19 + -319 + 313?
11
Calculate 11 + -11 - (-4 + (-7 - -6)).
5
Evaluate -19 + 7 + 8 - -6.
2
Calculate -2 + 1 + 4 + 4 - 13 - -1.
-5
Calculate 7 + -12 + 4 + -9.
-10
Calculate 748 + -769 - (-1 - 6).
-14
6 - ((4 - (-40 - -35)) + (15 - -1))
-19
Evaluate 6 + -3 + (0 - 12) - -15.
6
What is 5 - 1 - (17 + -4 + (-17 - -19))?
-11
What is (38 - (23 + 21)) + (-1 - (1 - 2))?
-6
What is the value of -30 - (-9 - (-14 + 6 + 8))?
-21
What is (-2 - 5) + 29 + -6 + 4 + 2?
22
What is (-6 - -6 - (0 - -7)) + 3?
-4
What is the value of (-33 - (26 + -12)) + 20?
-27
Calculate (0 - (-5 + 4)) + 10.
11
10 + 363 + -395 + 2 + -2 + -1
-23
(13 - 9) + -12 - (-4 + 3)
-7
What is (-24 - -12 - 6) + 21?
3
-29 - (-6 - -6) - -33
4
What is -14 + (8 - -1) - (5 - 2 - 3)?
-5
What is (-490 - -479) + 0 + 29 + -39?
-21
Evaluate 14 + 1 + -46 + 39 + -7.
1
What is (-4 - -3) + 9 - (13 - 2)?
-3
Evaluate -74 + 44 - -62 - 27.
5
(-8 - (-6 - 1)) + -8
-9
10 + -12 - (3 + 3 - 3) - 6
-11
26 - (35 - -7 - 27)
11
Evaluate -9 + -9 + -12 + 25.
-5
Calculate 7 - ((-3 - -11) + -6) - (2 - -17).
-14
What is the value of (-14 - -11) + (-4 - (-16 - 8))?
17
-6 - -2 - 0 - (42 + (-30 - 4))
-12
Evaluate 23 + -29 + -28 + 18.
-16
Calculate -1 + -5 + 26 + -10.
10
Evaluate (-11 - -1) + (323 - 309).
4
-5 + -1 + (-11 - (-28 - (2 - 10)))
3
(0 + 4 + 0 - 10) + -22 + 10
-18
Calculate (-4 - 12 - -27) + 7.
18
Evaluate -2 + (-17 - -13 - -13).
7
Calculate -7 + 3 + -7 - (0 - 6 - -6).
-11
Calculate (2 - 8 - -7 - -5) + (0 - 0).
6
Evaluate -7 - (-12 + 10 - -5).
-10
What is the value of -59 + 13 + 26 - (-4 + 1)?
-17
What is the value of 4 + (-9 - -10) + -16?
-11
Calculate (-6 - (-5 + -1)) + -10 - -8.
-2
What is 39 + -9 + -3 + -12?
15
What is -3 + (12 - (40 + -18) - (1 - -20))?
-34
What is the value of (-5 - -13 - 14